 the remainder when m(h) is divided by 13.
10
Suppose j - 29 = -n - 3*n, 70 = 5*j - 5*n. Calculate the remainder when 53 is divided by j.
2
Suppose -q = -4*q - 6. Let x be q/18*-3*3. What is the remainder when 22 is divided by 0 - 36/((-3)/x)?
10
Suppose 0 = -5*q + 4*q + 4. Let b be (2 - 3) + 2 + 3. Suppose -q*o + 40 + 63 = u, -126 = -5*o - b*u. Calculate the remainder when o is divided by 9.
8
Suppose -3*h = -5*v - 22, -2*h + 6 + 17 = -5*v. Calculate the remainder when 2/h + (-216)/(-6) is divided by 9.
7
Calculate the remainder when 335 is divided by -1*(-1130)/(-25)*(-5)/2.
109
Suppose -4*b + 3*r + 1568 = 0, r - 951 = -4*b + 633. Calculate the remainder when b is divided by 18.
17
Suppose -2*r - 8 = 0, 0 = -3*x + 5*r - r + 106. Suppose -y + 4*y = -3*q + 27, -2*q = -4*y + x. What is the remainder when 5/(-15)*3*-21 is divided by y?
5
Suppose 3*q - 15 + 108 = 0. Let k = q + 68. Calculate the remainder when k is divided by 21.
16
Let y(s) = 52*s**3 + s**2 + 2*s - 2. Let n be y(1). Let j = n + -33. Calculate the remainder when j is divided by 11.
9
Calculate the remainder when 16371/(-214)*8/(-6) is divided by 46.
10
Let b(u) = 5*u**2 + 2*u + 4. Let l = -32 + 45. Suppose l + 4 = -3*k + 4*z, -2*z = -4*k - 16. What is the remainder when b(k) is divided by 11?
10
Suppose 4*g - 1344 = -2*c, -567 = -g + c - 225. Suppose 0*t + 2*k = 3*t - g, -t + 4*k + 106 = 0. Calculate the remainder when t is divided by 30.
24
Let c = 4 + -1. Suppose 9 + 3 = c*g. Suppose -6 = h + 2*d, 5*h - g*d + 2*d - 18 = 0. Calculate the remainder when h is divided by 1.
0
Let f(p) = p**2 - 24*p - 135. Let c = -7 + 34. Calculate the remainder when c is divided by f(29).
7
Let x = -6 + 6. Suppose 0 = -t + 2*b + 88, 0*t + 2*t - 5*b - 177 = x. Calculate the remainder when t is divided by 22.
20
Let c be (-36)/342 - 156/(-38). Suppose 182 = 5*d - 2*n, -c*d - 4*n = -n - 141. Calculate the remainder when 142 is divided by d.
34
Let l(g) = -g**3 - 35*g**2 + 71*g - 49. Calculate the remainder when 167 is divided by l(-37).
43
Suppose 5*s = 6*s - 65. Let l(f) = 2*f**2 - 3*f + 49. Let o(v) = v**2 - 2*v + 25. Let c(w) = 3*l(w) - 5*o(w). What is the remainder when s is divided by c(0)?
21
Suppose -v = 2*v - 9. Suppose 50 = -4*i + 2*i. Calculate the remainder when 60/i*(-20)/6 is divided by v.
2
Let k be 0 - 3/21 - (-633)/21. What is the remainder when 45 is divided by (k/8)/((-4)/(-32))?
15
Let k = 74 + -26. Let j = -694 - -719. Calculate the remainder when k is divided by j.
23
Let k = 81 - 40. Suppose -5*i + 2*r = -25, -554*r + 4 = -2*i - 556*r. What is the remainder when k is divided by i?
2
Let k = -1493 - -3483. What is the remainder when k is divided by 83?
81
Let d(u) = 39*u**2 + 15*u - 16. What is the remainder when d(1) is divided by 2?
0
Let d = 0 + 0. Suppose 5*p - 13 - 2 = d. Suppose -b = -j - 14, b + 3*b - p*j = 54. Calculate the remainder when 21 is divided by b.
9
Suppose 0 = -2*j + 3*f + 108, -j + 12 = -f - 44. What is the remainder when j is divided by 27?
6
Let h(t) = -t**3 - 8*t**2 + 2. Let z be h(-8). Let u be -6*((-2)/z)/3. What is the remainder when 6 is divided by -1 - 3/(u + -3)?
0
Let g(d) = d**2 - 7*d - 12. Let f be g(9). Calculate the remainder when (28/(-3) + -2)/((-2)/f) is divided by 14.
6
Calculate the remainder when ((-1)/2)/(4/(-232)) is divided by 8.
5
Let p(s) = -s + 2. Let y be p(7). Let g(v) = v**2 + 4*v - 4. What is the remainder when 2 is divided by g(y)?
0
Suppose 0*w - 4 = -2*w. What is the remainder when -36*(w - 2 - 1) is divided by (-96)/(-9) - (-6)/(-9)?
6
Suppose -u = 0, 2 = f + u + u. Suppose f*a + 70 = 2*p - 2*a, 0 = -4*p - 5*a + 140. Calculate the remainder when 104 is divided by p.
34
Let c(n) = 3*n**2 - 28*n - 18. Let d = -45 + 63. What is the remainder when d is divided by c(10)?
0
Suppose 112*f = 57*f + 7095. Let v(h) = -16*h + 1. Calculate the remainder when f is divided by v(-2).
30
Let u(l) = 8 - 4*l + l + 2*l**2 - 7. Let h = 7 + 21. Calculate the remainder when h is divided by u(3).
8
Let z be 8/3 - (-1)/3. Suppose 9 = 2*d - z*p, -5*d - 5*p = -10*p - 20. Let n(j) = -j**2 + 6*j. Calculate the remainder when 33 is divided by n(d).
6
Suppose 27*c = 31*c - 56. Calculate the remainder when 333 is divided by c.
11
Let z = 8 + -5. Let c = 10 + z. Suppose -4 = -j + c. Calculate the remainder when 49 is divided by j.
15
Let m(u) = -8*u**3 + u - 2. Let c be m(1). What is the remainder when 12 is divided by (6/c)/(4/(-30))?
2
Let t(u) = -62*u + 10. Calculate the remainder when 489 is divided by t(0).
9
Let l = -10 - -13. Let q = l + 12. What is the remainder when 59 is divided by q?
14
What is the remainder when (4/(-2))/(1122/162 + -7) is divided by 9?
0
Suppose 0*r + 12 = 4*r. Let l be ((-6)/4)/((-1)/(-2)). Let a(b) = -3*b - 1. What is the remainder when a(l) is divided by r?
2
Suppose -4*z = -8, -5*w - 2 = -7*w + 4*z. Calculate the remainder when 66 is divided by w.
1
Let v = 2999 - 2520. What is the remainder when v is divided by 69?
65
Let g = 12 + -7. Suppose 2*p + 5 = x, g*p = x - 3 - 2. Calculate the remainder when 8 is divided by x.
3
Let w be ((-24)/(-9))/(8/12). Suppose 0*g = -g + w. What is the remainder when 27 is divided by g?
3
Suppose -66*m + 44*m = -308. Suppose 7*f - 159 = 4*f. Calculate the remainder when f is divided by m.
11
Suppose 58*t = 62*t - 64. What is the remainder when 63 is divided by t?
15
What is the remainder when 9/15*(226 + -1) is divided by 71?
64
Let s = -73 + 75. Suppose -n = 3*z - 5*z + 182, -s*n + 348 = 4*z. What is the remainder when z is divided by 23?
20
Suppose c + 2*k = k - 5, 3*k - 21 = 3*c. Let o = -5 - -9. Let a = o - c. Calculate the remainder when 18 is divided by a.
8
Suppose 7*k - 185 = 116. Calculate the remainder when 85 is divided by k.
42
Let j = -170 + 190. Let p(o) = -57*o. What is the remainder when p(-1) is divided by j?
17
Let t(d) = -6*d**3 + 4*d**2 + 4*d + 1. Let q be (-172)/(-6)*(-15)/(-10). Let p = 70 - q. Calculate the remainder when p is divided by t(-1).
6
Let v = 157 - 62. What is the remainder when v is divided by 24?
23
What is the remainder when (-1)/((-1)/6)*3 is divided by ((552/9)/23)/(2/3)?
2
Suppose -2*j - 5*i + 92 = 0, 2*i + 2*i + 56 = 2*j. Suppose -5*m - p + 34 = 0, m + 1 - 5 = -3*p. What is the remainder when j is divided by m?
1
What is the remainder when 553 is divided by 1/(-7) + (-14)/(-343)*763?
26
Let g = 18 - 19. Let d(t) = -11*t + 1. Let x = 91 - 57. Calculate the remainder when x is divided by d(g).
10
Let w be ((-9)/15)/(2/(-670)). Let x = w + -129. What is the remainder when x is divided by 15?
12
What is the remainder when 186 is divided by 54/(-81)*(-1 - (-532)/(-8))?
6
Suppose 5*z - 32 - 63 = -5*x, -5*z + 55 = 3*x. Let m = -15 + x. Calculate the remainder when 14 is divided by m.
4
Let y be 2317/21 - 1/3. Let v = y - 56. What is the remainder when v is divided by (-6)/18 + (-86)/(-6)?
12
Let r = 41 - 11. Let v be 16/7 + 12/(-42). Suppose -5*a = -l - 12, 0 = -v*l + 3*a - 3 + 7. What is the remainder when r is divided by l?
6
Let l = -58 - -71. Calculate the remainder when 84 is divided by 1*13 - (l - 17).
16
Suppose 0*z + 4*z + 28 = f, -2*z - 14 = f. Calculate the remainder when z/3*(-47 - (1 - 3)) is divided by 27.
24
Suppose h + 0*i + i - 10 = 0, -4*i - 24 = -4*h. Let z(u) = -2*u**3 + 21*u**2 + 11*u + 2. What is the remainder when h is divided by z(11)?
0
Suppose -2*b + 7*b - 870 = 0. Calculate the remainder when b/10 - 4/10 is divided by 8/6*(-72)/(-16).
5
Suppose -b = 3*b + 5*f + 5, 2*f = -3*b + 5. Suppose 5*o - 4*r = 32, -b*r - 14 = -3*o + 13. What is the remainder when 7 is divided by o?
3
Let r be (-6)/21 + 145/(-7). Let q = r + 36. Calculate the remainder when q is divided by 7.
1
Let x = 112 + -110. Suppose -o = x*d - 3*d + 24, 0 = -3*o. Calculate the remainder when 33 is divided by d.
9
Suppose 4*k = -12 + 4, -31 = -5*w - 2*k. Let t(g) = 5*g - 33. Let x = 58 + -48. Calculate the remainder when t(x) is divided by w.
3
Suppose -5*z + 3*z + 4 = 0. Suppose 153 = 2*o + m - z*m, m = -3. What is the remainder when o is divided by 39?
36
Let n = 71 - 61. What is the remainder when 198 is divided by n?
8
Let o(i) = 0*i + 3*i**2 - 5*i**2 + 3*i**2 - 3 - i. What is the remainder when o(-2) is divided by 1*(1 + 2) + -2?
0
Let q = 164 - 63. What is the 